- d**2 + 4*d + 21. Let g(b) = 9*u(b) + 4*z(b). Let t = 14358 - 14358. What is g(t)?
17
Let o(s) be the third derivative of -s**4/24 + s**3/3 - 9*s**2 - 2. Let n(x) = -1. Suppose 0 = -m + 2 - 1. Let h(u) = m*o(u) + 3*n(u). Calculate h(6).
-7
Let f = 4390 + -4401. Let p(w) = -w**3 - 11*w**2 - 5*w - 16. Determine p(f).
39
Let f(n) = -7*n**2 - 2*n**2 + 7*n**2 + 4 - n. Let g(r) = -r**3 + 20*r**2 - 26*r + 130. Let a be g(19). Give f(a).
-11
Let j(p) = -4*p - 1. Suppose 6*m = 305 - 323. Let b be m/4 - (-39)/(-12). Calculate j(b).
15
Let d(f) = -5*f**2 - 2*f + 9. Let r be 437/19 + -12 - 7. Give d(r).
-79
Let w(n) = -n**2. Let u(s) = 7*s**2 - 2*s + 3. Suppose 4*m = -2*b + 166, -3*m - 4*b + 114 = b. Let t = m - 44. Let c(h) = t*u(h) - 3*w(h). What is c(2)?
-15
Suppose 4*z + 8*z + 391 = 67. Let d(c) = -c**2 - 27*c - 22. Calculate d(z).
-22
Let l(m) = -162*m - 193. Let j(n) = 1416*n + 1738. Let f(i) = 3*j(i) + 26*l(i). Give f(-5).
16
Let t(j) be the first derivative of -j**4/4 + 3*j**3 - 11*j**2/2 - 22*j + 28. Let z be t(7). Let i(h) = 20*h + 1. What is i(z)?
-19
Let w(o) = -8*o + 60. Let p be w(5). Suppose 4*q = -6*q + p. Let i(d) = -6*d**2 + 3. Let h(s) = -5*s**2 + 2. Let j(y) = 4*h(y) - 3*i(y). Give j(q).
-9
Let b(z) = -3*z**3 - 5*z**2 - 10*z - 4. Let d be b(-2). Let j(v) = -v**2 + 21*v - 31. Calculate j(d).
-11
Let n(a) = -a**3 + 7*a**2 - 8*a - 10. Suppose -23*h + 28*h - 5*j = -5, -3*h - 4*j + 39 = 0. What is n(h)?
0
Let p(m) = -21*m - 11. Suppose 5*f - 21 = j, -4*f = -3*f + 2*j - 2. Let n(a) = -f - 1 - 6*a + a - 5*a. Let c(h) = -9*n(h) + 4*p(h). Give c(1).
7
Let x(k) = -4*k - 5. Let a be x(-5). Let d be -1*(-6)/9*3. Let n(w) = 13*w**2 + a - 27*w**2 + 15*w**d - 13*w. Calculate n(10).
-15
Let v(c) = -75*c - 23. Let g(y) = -41*y - 12. Let n(o) = 11*g(o) - 6*v(o). Let t be 3/(-2)*(-50)/15. Calculate n(t).
1
Let t(l) = 2*l - 4. Suppose -3*f = 2*f - n - 1170, 0 = 2*f + n - 468. Let w = f + -234. What is t(w)?
-4
Let g(a) = -5*a**2 + 272*a + 162. Let t be g(55). Let y(p) = p - 4. Calculate y(t).
-7
Let q(w) be the first derivative of -w**4/4 + w**3 + 5510. Let h be ((-6)/(-4))/((-2)/(-4)). Calculate q(h).
0
Let h be -33*((-6)/36)/((-1)/(-2)). Let q(z) = 2*z + 1. Give q(h).
23
Let q = 8 + -6. Suppose 4*b = -4*w - 8, -2*w - q*b - 16 = -3*b. Let s(g) = 8*g - 4 + 14 - 8 - 4*g + 1. What is s(w)?
-21
Suppose 4*h = -h - 20. Let a(n) = 1337 - 1336 - 3*n + 2*n**2 + 5*n**2 - 4*n**2 + n**3. What is a(h)?
-3
Let i(s) = -17 + s**2 - 135*s + 259*s - 134*s - 5. What is i(-4)?
34
Let b(c) = -15*c**2 - 6*c - 7. Let d(p) = 7*p**2 + 3*p + 3. Let n(z) = -6*b(z) - 13*d(z). Suppose 17 + 93 = 2*v. Let q = 57 - v. What is n(q)?
-7
Let z(y) = -26*y + 14. Let s(r) be the second derivative of -2*r**3 + 3*r**2 - r + 1. Let g(j) = 14*s(j) - 6*z(j). What is g(1)?
-12
Suppose 2*n = -3*h - 2 + 9, 2*h = -6. Let a be 66/(-51)*-3 - 4/(-34). Let v(c) = 0 - 5*c**2 + 8*c + 6 + 4*c**2 - a + 1. Calculate v(n).
3
Let m(f) = -13*f - 16*f**3 + 7 + 22*f**2 - 15*f**2 + 3*f**2 + 17*f**3. Calculate m(-11).
29
Suppose 0 = -n - 6*n + 252. Suppose n - 28 = -t. Let w(y) be the first derivative of y**4/4 + 3*y**3 + 9*y**2/2 + 4*y - 8. Determine w(t).
-4
Let x(t) be the third derivative of -t**4/24 + t**3/3 + 2397*t**2. Determine x(4).
-2
Let q(k) = -7*k**2 - 453*k + 14 + 820*k - 375*k + 2*k**3. Give q(4).
-2
Suppose 3*g + 844 = -4*h - 2465, -5*g = -25. Let x = 834 + h. Let v(r) = 12*r - 2. Determine v(x).
34
Let q(y) = 0*y**3 - 4*y**2 - 6*y - 1 + y**3 + 4. Suppose -5*o = -a + 15, -2*o = -6*a + 10*a + 6. Suppose -3*g = -a*h - 3*h + 18, -4*h + 3*g = -23. Give q(h).
-2
Let l(v) be the first derivative of 33*v**2/2 - 323*v - 205. Determine l(10).
7
Let h(p) = p**3 - 7*p**2 + 5*p + 2. Let x(l) = -l**2 + l + 1. Let b(v) = -h(v) + 2*x(v). Suppose -18*n - 4507 = 209. Let w = -258 - n. What is b(w)?
4
Let i(k) = 8 + 22*k**2 + 7 - 38*k - 135*k**3 + 2 - 138*k**3 + 271*k**3. Give i(9).
-1
Let d be (-3 - -8)*-5 + (-20)/(-2). Let p(i) = -i - 27. Give p(d).
-12
Let u(l) = 11*l + 37. Let o(d) = d - 1. Let i(s) = -4*o(s) + u(s). Let z be i(-6). Let x(a) = 3*a + 5*a**3 - 2*a + 1 + a**2 + 0*a. Calculate x(z).
-4
Let n(j) = 3*j**3 + 6*j**2 - 18*j + 140. Let h(v) = 10*v**3 + 16*v**2 - 57*v + 422. Let d(r) = -2*h(r) + 7*n(r). Give d(-12).
-8
Suppose 7*d + 1 = -13. Let r be (-5)/((-40)/12) - (-19)/d. Let b(l) = l**2 + 10*l. What is b(r)?
-16
Let r(o) = o**2 - 16*o + 32. Let l be 2 + ((-2)/(-8) - (-47)/4). Let f be r(l). Let j(d) = -8*d - d**2 + 4*d - f*d - 2 + 0. Calculate j(-6).
10
Suppose 3*p = 5*m + 8 - 6, -p - 3*m = 18. Let d(k) = -8 - k - 4 + 0*k. Give d(p).
-6
Let b(t) = -t**2 - 32 + 4 + 18 + 28*t - 5*t - 38. What is b(21)?
-6
Let k(r) = -r**3 - 39*r**2 + 34*r - 238. Let y be k(-40). Let x(c) = y + 6 + c + 2 + c + c. Give x(-9).
-17
Let v = -30648 + 30646. Let i(l) = -3*l**2 + 26*l + 57. What is i(v)?
-7
Let j(d) = 16*d**3 + 10*d**2 + d - 7. Let n(a) = 7*a**3 + 5*a**2 + a - 4. Let y(p) = 3*j(p) - 7*n(p). Determine y(-4).
7
Let l(q) = 58*q**2 - 83*q - 437. Let w(u) = -21*u**2 + 28*u + 146. Let r(c) = -4*l(c) - 11*w(c). Determine r(-5).
-3
Let k(l) = l - l**2 - 3 + 3. Suppose 107*t + 196 = 515 + 2. What is k(t)?
-6
Let d(p) = -2*p**3 + 15*p**2 + 7*p - 11. Let h(f) = -f**2 + 23*f - 52. Let v be h(20). Give d(v).
-19
Let z be 3*(0 + 3)*(-26)/(-78). Suppose 0 = -3*m + p + 2, 3*m - 4*p + 15 = 5. Let v(n) = -2 + 0*n - 3*n**2 + n**3 + m*n - n. Determine v(z).
1
Let s(c) = -2*c + 2*c + 5 + c - 2*c - 3*c. Suppose 13*m = 52*m - 39. Determine s(m).
1
Let a(c) = -c**3 - 5*c**2 + 2*c + 4. Let s(p) = 15*p**2 - 2*p. Let y be s(-1). Suppose -3 = 16*w - y*w. Suppose -w*d = -4*d - 5. Determine a(d).
-6
Let u(d) = d**2 + 40*d + 32. Let t be u(-39). Let z be (-24)/t + (-196)/(-343). Let w(a) = -4 + 3 - a + 3*a. Give w(z).
7
Suppose 2*w - 15 = -h, -4*h + 7*h + 10 = 5*w. Let t(x) = -6*x + 16*x - 4*x + 5 + 0 - w*x. Determine t(0).
5
Let x(r) = r**3 - 10*r**2 + 15*r - 19. Suppose -4*o + 97 = q + 96, 43 = 5*q + o. Calculate x(q).
35
Let j(h) = -26*h**2 + 10*h**2 + 9 - 9*h + 17*h**2. Let y be 10/8 - 21/(-12). Suppose 4*r - k = 21, 0*k = -y*r - 3*k + 27. Give j(r).
-9
Suppose 45*j - 39 = 42*j. Let u(x) = x + 2 - 17*x**2 + 3*x + j*x**2 + x**3 - 2*x. Determine u(3).
-1
Let m(t) = 2*t**2 - 7*t + 2. Let l(z) = -2*z**2 + 6*z - 1. Let i(o) = 5*l(o) + 4*m(o). Let w be 0 + -2*2/(-5 - -6). Give i(w).
-37
Let r(i) = -4*i**3 + 5*i**2 + 15*i - 160. Let j(n) = 5*n**3 - 4*n**2 - 16*n + 184. Let k(t) = -5*j(t) - 6*r(t). What is k(-8)?
-8
Let b(m) = -m**2 - 1. Let q = -412 - -414. Suppose 17 = 5*r - q*z, 3*r + 3*z - 4 = 2. Give b(r).
-10
Let v(b) = 15*b + 574. Let s(x) = 85*x + 3240. Let h(u) = 8*s(u) - 45*v(u). Give h(-11).
35
Let r(i) = i**2 + 4*i - 2*i**2 - i - 91 - 97 + 77. What is r(0)?
-111
Let a(o) = -13*o**3 - 33*o**2 - 31*o + 18. Let u(x) = 7*x**3 + 17*x**2 + 16*x - 9. Let q(i) = -6*a(i) - 11*u(i). Let n = -1817 - -1807. Calculate q(n).
-9
Let r(p) = 2*p + 6. Let y = -352 - -340. Let x be 0 - 9/y*140/(-21). What is r(x)?
-4
Let t(o) = 7*o. Let k(q) = -21*q - 23. Let r(j) = -k(j) + t(j). Give r(-1).
-5
Let z be (4 - 15/6)/(5/10). Let m(s) = 193 - 3*s - 199 - 3*s + z*s**2. What is m(5)?
39
Let a(f) = 8*f**2 + 0*f**2 + 7*f**2 - 12*f**2 + f - 1 + 5*f**2. Let o be (12/(-14))/(3/(-14)). Suppose o*s + 2*s = 6. Determine a(s).
8
Let s = 60 - 60. Suppose s = 30*z - 25*z - 40. Let x(q) = -q**3 + 7*q**2 + 9*q - 5. What is x(z)?
3
Let y(o) = -o**3 - 5*o**2 + 2*o - 1. Let v(i) = -2*i**2 - 5*i + 37. Let q be ((-4)/(-5))/(6 + 460/(-75)). Let b be v(q). What is y(b)?
-11
Let v(p) = 5*p + 76. Let x = 13526 - 13545. What is v(x)?
-19
Let i = -25 - -40. Suppose -20*w + i = -5. Let c(f) = -12*f + 1. Give c(w).
-11
Let x(y) = y**3 - 5*y**2 + 2*y + 8. Let z be -242 + 244 - (-2 - 0). Give x(z).
0
Let y(j) = j**3 + 3*j**2 + 2*j. Let r = -3405 - -3404. Determine y(r).
0
Let o(f) be the third derivative of f**5/60 - 5*f**3/3 - 1198*f**2. What is o(-6)?
26
Let y(b) = -164 - 29*b - 6*b - 14*b + 57*b. What is y(21)?
4
Let j(w) be the first derivative of w**4/12 - w**3/3 + w**2 - 31*w + 65. Let q(o) be the first derivative of j(o). What is q(4)?
10
Let s = 701 - 698. Let k(x) be the second derivative of 0 + 8*x + 1/2*x**2 - 1/2*x**s. Determine k(5).
-14
Let r(z) = -8*z + 72. Let l be